tens digit of b?
1
Suppose 1850 = -8*a + 50426. What is the tens digit of a?
7
Let i = 114 + -117. Let j(s) = -99*s + 15. Let u be j(i). Suppose -3*d = -4*c + 387, -3*c + 2*d + u = 7*d. What is the tens digit of c?
9
Let g be 1*3 + 4/(-36)*-45. What is the tens digit of -4 - (6/g)/((-2)/4264)?
9
Suppose 0*d + 2*d - 38 = 0. Let b(l) = -9*l + d*l - 8*l + 30. What is the units digit of b(7)?
4
Suppose 3*w - 185667 + 1710 = -19374. What is the tens digit of w?
6
Suppose 0 = 3*d - 4426 - 30461. What is the ten thousands digit of d?
1
Suppose f - h - 494 = 173, 5*f = -5*h + 3335. What is the tens digit of f?
6
Let w(q) = q**3 - 6*q**2 + 8*q + 1. What is the units digit of w(12)?
1
Let x(k) = -4*k**3 + 2*k**2 - 6*k - 7. Let c be x(-1). Suppose -c*g - 3*m + 660 = -0*m, 0 = -5*g - m + 670. What is the units digit of g?
5
Let k(b) = 3*b**3 + 4*b**2 + b + 27. Suppose -13*p + p + 60 = 0. What is the tens digit of k(p)?
0
Let q = -3854 - -5068. What is the hundreds digit of q?
2
Suppose -140*z + 11060 = -136*z - 4*y, -9 = 3*y. What is the hundreds digit of z?
7
Suppose -2*y + 1100 = -6*y. Let d = -153 - y. What is the tens digit of d?
2
What is the tens digit of (-6)/(-16) - (-3 - (-695715)/(-120))?
0
What is the hundreds digit of 144/((-864)/1377 - (-2)/3)?
6
Let j be (-128312)/72 - (-10)/90. What is the units digit of (j/(-45))/6*5?
3
Suppose -89*f = -92*f + 12. Suppose l - 177 = f*c + 203, 390 = l - 2*c. What is the tens digit of l?
0
Suppose 0 = -5*a - 63 - 7. Let y be (a*1)/(((-4)/(-2))/(-1)). Suppose -y*z + 525 - 7 = 0. What is the tens digit of z?
7
Suppose 0 = 16*s - 8*s - 1160. Let j = 287 - s. What is the units digit of j?
2
Suppose 9*n = -113*n - 4*n + 4518486. What is the hundreds digit of n?
8
Suppose -z = -2*r + 35944 - 1575, 5*z - 85945 = -5*r. What is the units digit of r?
6
Let i = 115 + -109. Suppose 0 = 3*h - 4*w - 994, -1324 = -4*h + i*w - w. What is the units digit of h?
6
Suppose -o + 77680 = 3*x, -2*o + 10 = 14. What is the tens digit of x?
9
Let v(r) = -r**3 - 8*r**2 + 7*r + 27. Let a be v(-7). Let s = -387 + a. Let j = -256 - s. What is the units digit of j?
2
Let l be (8/5)/(1/10). Suppose w + 2*m + 8 = 5*w, 4*w - l = 4*m. Suppose w = -c + 37 - 12. What is the units digit of c?
5
Suppose 2*o + y - 2390 = 0, -1817*y - 3578 = -3*o - 1822*y. What is the tens digit of o?
9
Let m(a) = -a**3 + a**2 + 3*a - 1. Let w(q) = -3*q**3 + 2*q**2 + 17*q + 7. Let r(x) = 2*m(x) - w(x). What is the units digit of r(6)?
1
Let f(a) = -a**3 + 32*a**2 + 5. Let q be f(32). Let k(m) = 19*m**2 - 17*m + 49. What is the tens digit of k(q)?
3
Let c(l) = 515*l - 199. What is the thousands digit of c(19)?
9
Let v(q) = -9655*q + 1413. What is the ten thousands digit of v(-7)?
6
What is the units digit of (142284/(-4008))/(-1*(-2)/(-84))?
1
Suppose 0 = -545*k + 541*k + 2892. Suppose -5*l = 4*p - 776 - 157, 4*l = 3*p - k. What is the tens digit of p?
3
Let s(u) = 3517*u**3 - 5*u**2 - 9*u + 12. What is the ten thousands digit of s(2)?
2
Suppose -67*r + 1049377 = -152738 - 1013709. What is the thousands digit of r?
3
Let d(v) = 357*v**2 - 13*v + 13. Suppose -3*o = -3*i + 12, 0 = -4*o - 4*i - 4 + 28. What is the units digit of d(o)?
7
Let z be (1 - -1 - -1 - -6) + -3. Let q(g) = -8 + 6*g**2 - g**3 + 11 + 7*g + 8. What is the units digit of q(z)?
3
Let h(g) = -11*g + 14. Let u be h(-6). Let a = -79 + u. What is the hundreds digit of (a + -2)*-1*107 + -1?
1
What is the tens digit of ((-20)/(-3))/((-42)/(-63))*586?
6
Let o = -27290 - -29567. What is the tens digit of o?
7
Let d be 12624/64*(-32)/(-6). Suppose 7*g - 1447 = d. What is the units digit of g?
7
Suppose -4*j - 15802 = -2*f, 0 = f - 3*j + 7*j - 7907. What is the units digit of f?
3
Let y(p) = 1. Let l(g) = -11*g + 47. Let u(z) = -l(z) + 6*y(z). What is the tens digit of u(10)?
6
Suppose 64*m - 164083 - 24498 = 25435. What is the thousands digit of m?
3
Let k = 379 + -304. Suppose k*d - 78*d + 1419 = 0. What is the tens digit of d?
7
Suppose 31 - 1 = -2*i. Let o = -13 - i. Suppose 4*d + o*t = -d + 152, 5*d - 4*t - 176 = 0. What is the tens digit of d?
3
Let z(i) = 9*i**2 + 126*i - 42. Let r(d) = -5*d**2 - 63*d + 21. Let k(b) = -7*r(b) - 4*z(b). What is the hundreds digit of k(-40)?
9
Let g = 41074 + -28767. What is the thousands digit of g?
2
Let v(p) = 390*p**2 + 29*p - 473. What is the units digit of v(8)?
9
Suppose 599040 = -4*u + 30*u. Suppose 12*q = -8*q + u. What is the tens digit of q?
5
Suppose 19 - 68 = -n. Suppose -n = -3*y - 34. Suppose 3*v - 2*x - 597 = 0, 2*x + 1008 = y*v + 3*x. What is the tens digit of v?
0
Let h be (-10)/((-80)/(-6))*96. Let o = 282 + h. What is the hundreds digit of o?
2
Let v(n) = -n**3 + 5*n**2 - 5*n + 4. Let q be v(4). Suppose 3*k - 7 - 2 = q. Suppose -b - 25 = -y, 55 = 6*y - k*y + 2*b. What is the units digit of y?
1
Suppose -2*r = -3*g - 2, 5*r - 7 = -2*g + 17. Suppose -270 = -g*f + 378. What is the tens digit of f?
2
Let k = 3 + -4. Let u be 1 - 2 - (3 - (-10)/(-2)). What is the units digit of k*(-3 + u) - -4?
6
Let c(k) = 6*k**2 + 3 + 2*k - 2 + 5*k**2. Let r be c(1). Let f(b) = 10*b + 42. What is the hundreds digit of f(r)?
1
Let b(c) = c**3 + 13*c**2 + 10*c - 24. Let m be b(-12). Suppose -q + h = -544, m*q + 5*h - 2203 = -4*q. What is the units digit of q?
7
Suppose -108249 = -147*t - 60*t + 887007. What is the hundreds digit of t?
8
Let r = -710 + 713. Suppose r*v + 1239 = 24*v. What is the units digit of v?
9
Suppose 793879 = 7*l + 50*l - 442451. What is the units digit of l?
0
What is the hundreds digit of (465/(-10))/(-6*(-2)/(-2408))?
3
Suppose 13 = 8*r - 27. Suppose -r*v + 998 = -1132. What is the hundreds digit of v?
4
Let c(y) = -8*y - 67. Let r be c(-15). Suppose 4*i = 3*v - 3668, -2*i + r - 3711 = -3*v. What is the thousands digit of v?
1
Suppose 0 = 6*m - 2*m. Suppose 3*z + 4*z - 1085 = m. What is the hundreds digit of z?
1
Let l be (14/(-21))/(2/3). Let a(d) = d + 5. Let g be a(l). What is the units digit of 132/10*10/g?
3
Suppose n + 44 = 5*l - 4*l, -n = -4*l + 173. Suppose -x = -l - 29. Suppose 68 = 2*o - 3*i, -2*o + 4*i + x = -0*i. What is the units digit of o?
8
Suppose -17*y + 40 = -19*y. What is the hundreds digit of (y/4*61)/(-1)?
3
Let g = 136 + -91. Let c be 16/6*g/10. Let v(d) = 10*d + 21. What is the units digit of v(c)?
1
Suppose 0 = -3*j + 12576 + 22788. What is the ten thousands digit of j?
1
Let t = 122 + -181. Let q = 993 + t. What is the units digit of q?
4
Let a(r) = -r**2 - 7*r + 6. Let k be (-2)/(-8) + (222/(-24) - -3). Let l be a(k). Suppose -l*n + 103 = -11*n. What is the units digit of n?
3
Let p = -1737 + 2706. Suppose 15*l = 966 + p. What is the hundreds digit of l?
1
Suppose -1127021 = -63*d + 52969. What is the tens digit of d?
3
Let k = 13 - 11. Let n be (k + 3)/(-10)*2. What is the units digit of (n + 8)*(-4 + 25/5)?
7
Suppose 0 = 3*l - 5*p + 129, -4*p = 2*l + 2*l + 172. Let s = 20 + l. Let i = 24 + s. What is the units digit of i?
1
Let d = -16570 + 27764. What is the ten thousands digit of d?
1
Suppose -2*i - 17684 = -2*h, 26*h - 21*h = -i + 44240. What is the hundreds digit of h?
8
What is the hundreds digit of 14 - 2*111015/(-30)?
4
Let a(q) = 161*q - 71. Let i be 12/(-8)*(1 - (7 + -4)). What is the hundreds digit of a(i)?
4
Let t be 20/(-5)*(-2 + 4)*-148. Suppose 2*c + t = 2*m, -2*c = 2*m - 796 - 384. What is the hundreds digit of m?
5
Let o = 15247 - 8178. What is the hundreds digit of o?
0
Let o = -269 - -391. Suppose 44 = -118*v + o*v. What is the tens digit of v?
1
Let r = 202 - 200. Suppose 0 = -r*f + 4*y + 56, 4*f - 32 - 80 = -y. What is the units digit of f?
8
Let h be (-1 - 5) + (-2868)/(-3). Let y = h + -129. What is the units digit of y?
1
Let a = 13061 + -8882. What is the units digit of a?
9
Let t(r) = 13*r**2 + 7*r - 14. Let d be t(3). Let v = -216 - -132. Let y = v + d. What is the units digit of y?
0
Let r(f) = 11*f**2 + 22*f - 111. Let q(w) = -w**3 + 31*w**2 - 59*w + 38. Let u be q(29). What is the tens digit of r(u)?
7
Let c(u) = u**3 - 16*u**2 + 14*u + 31. Let p be c(15). Suppose p*w - 10*w = 6924. What is the hundreds digit of w?
1
Let y = 36357 - -26029. What is the hundreds digit of y?
3
Let v = 950 + 5413. Suppose 3*j = 24 + 12. What is the tens digit of v/45 - (-3 - j/(-5))?
4
Suppose 4*b = 3*g + 